mon divisor of 58533 and 105789?
537
What is the highest common divisor of 11753320 and 1849720?
5240
Calculate the greatest common divisor of 17 and 780922081.
17
Calculate the greatest common divisor of 18 and 1486979946.
18
What is the greatest common divisor of 190999 and 14004?
389
Calculate the greatest common divisor of 27814596 and 2784.
348
Calculate the greatest common factor of 750 and 17742090.
30
What is the highest common divisor of 68773824 and 5698?
518
What is the highest common divisor of 2193207 and 17287?
59
What is the highest common factor of 2260 and 14869896?
452
What is the greatest common factor of 539587 and 1903?
173
Calculate the greatest common factor of 411 and 2911640313.
411
What is the greatest common divisor of 2748 and 475272096?
2748
Calculate the highest common factor of 116064991 and 2.
1
Calculate the highest common factor of 675693 and 90324.
1737
What is the greatest common divisor of 181656 and 3972?
12
Calculate the highest common divisor of 14 and 111481895.
7
Calculate the greatest common divisor of 139797 and 8918161.
2219
Calculate the highest common divisor of 1075900 and 425.
25
Calculate the highest common factor of 6657442 and 223.
223
What is the highest common divisor of 3711507 and 1131?
87
What is the greatest common divisor of 23731648 and 260912?
11344
Calculate the highest common factor of 40500 and 787700700.
8100
What is the highest common divisor of 1746680909 and 8699?
8699
What is the highest common factor of 674965 and 407192?
2213
Calculate the greatest common factor of 14596284 and 30.
6
Calculate the highest common factor of 112 and 761633404.
28
Calculate the highest common divisor of 1098 and 153817.
1
Calculate the greatest common factor of 114504 and 197813.
367
What is the greatest common factor of 2085 and 5435?
5
What is the greatest common factor of 388075 and 27950?
1075
Calculate the greatest common factor of 4716 and 1073328588.
4716
Calculate the highest common factor of 115 and 3985624.
23
What is the highest common divisor of 14016041 and 884?
221
What is the highest common divisor of 1136040 and 240?
120
Calculate the greatest common factor of 69409 and 162595.
31
Calculate the highest common factor of 4912 and 2040334280.
2456
Calculate the highest common divisor of 17813 and 19147080.
379
What is the greatest common divisor of 223250 and 2092?
2
Calculate the greatest common factor of 42514 and 928464.
58
What is the greatest common divisor of 72180 and 1128780?
180
Calculate the greatest common factor of 2379 and 106933.
61
What is the greatest common divisor of 840 and 260926680?
840
What is the highest common divisor of 45581 and 16087694?
2399
What is the greatest common factor of 7291568 and 1765?
353
Calculate the greatest common divisor of 11 and 89928641.
11
Calculate the highest common divisor of 69 and 25723407.
69
What is the highest common factor of 16250 and 141450?
50
What is the highest common divisor of 62160 and 30327420?
2220
What is the highest common divisor of 20 and 20098030?
10
Calculate the greatest common factor of 35402 and 6582788.
62
Calculate the greatest common factor of 19852240 and 236611.
5771
What is the highest common divisor of 609 and 13251693?
21
Calculate the greatest common factor of 2570403 and 8760.
219
What is the greatest common factor of 68 and 18962956?
68
Calculate the greatest common divisor of 1032201018 and 1306.
1306
Calculate the highest common divisor of 106994 and 349046.
1754
Calculate the greatest common divisor of 72703 and 22209186.
3161
Calculate the highest common factor of 2740050 and 14400.
450
What is the greatest common divisor of 45833081 and 32270?
3227
What is the greatest common divisor of 531336 and 1458132?
2028
What is the greatest common divisor of 7 and 17268979?
7
What is the highest common factor of 1635792 and 1345776?
2544
What is the highest common factor of 1228 and 147687569?
307
Calculate the greatest common divisor of 45213 and 399.
21
Calculate the greatest common factor of 19 and 17599719.
19
What is the highest common factor of 64425675 and 4350?
2175
What is the highest common divisor of 18251 and 22?
1
Calculate the highest common divisor of 28 and 18211060.
28
What is the highest common divisor of 138 and 132439911?
69
Calculate the highest common factor of 662 and 317874526.
662
Calculate the greatest common divisor of 12088 and 280088.
8
Calculate the greatest common factor of 4500 and 2337225.
75
What is the highest common factor of 86255 and 227435?
65
Calculate the highest common factor of 29727182 and 10392.
866
What is the highest common divisor of 1855925 and 696925?
1525
Calculate the greatest common factor of 1344 and 2096484.
12
What is the highest common divisor of 9864051 and 198561?
1641
What is the highest common factor of 403145 and 10?
5
Calculate the highest common divisor of 36542 and 51304.
242
Calculate the greatest common divisor of 32384 and 11484032.
128
Calculate the highest common factor of 8 and 414912.
8
What is the highest common factor of 23247 and 852768?
567
What is the greatest common divisor of 9215 and 205371?
19
What is the highest common divisor of 2 and 2607593?
1
What is the highest common divisor of 1830 and 1208640?
30
Calculate the highest common factor of 18 and 368720994.
6
What is the greatest common factor of 1397672 and 1720?
344
What is the highest common divisor of 623516 and 22748692?
6428
Calculate the highest common divisor of 520 and 3921515.
65
Calculate the highest common factor of 14611860 and 20.
20
Calculate the greatest common divisor of 326459 and 20032.
313
Calculate the highest common factor of 84 and 31252116.
84
What is the highest common factor of 10712 and 1968945940?
5356
What is the greatest common divisor of 11779600 and 300?
100
Calculate the greatest common divisor of 15295323 and 79971.
3477
What is the highest common divisor of 403512972 and 37?
37
What is the greatest common factor of 19154 and 1447774?
122
What is the highest common divisor of 2924 and 76268240?
172
What is the highest common divisor of 664888 and 11368?
56
What is the greatest common factor of 308133890 and 70?
10
What is the greatest common factor of 1830 and 35984022?
366
Calculate the greatest common factor of 145271 and 15764.
7
Calculate the greatest common divisor of 200 and 68848250.
50
Calculate the highest common divisor of 939 and 14899739.
313
What is the greatest common divisor of 212 and 932906?
106
What is the greatest common factor of 17889 and 34652802?
201
What is the greatest common divisor of 1040 and 320840?
520
What is the highest common factor of 2343 and 95304649?
781
What is the greatest common divisor of 5577063 and 1572?
393
Calculate the greatest common factor of 28546314 and 46602.
5178
What is the highest common factor of 195827733 and 108?
27
Calculate the greatest common factor of 197321 and 7.
1
Calculate the highest common factor of 5339377 and 3026.
1513
Calculate the greatest common factor of 19136 and 7677952.
1472
What is the highest common divisor of 9585963 and 207?
207
What is the highest common factor of 192 and 5004992?
64
What is the greatest common factor of 45311 and 12068?
7
Calculate the highest common factor of 211218 and 705.
141
Calculate the greatest common divisor of 3994853 and 2230989.
3737
What is the highest common factor of 211 and 23951?
1
What is the highest common divisor of 108 and 23679?
27
Calculate the highest common factor of 590087 and 9017446.
5729
Calculate the greatest common factor of 1677 and 436943.
13
What is the greatest common divisor of 2361204 and 4329?
9
What is the greatest common divisor of 1130505 and 210?
15
Calculate the highest common divisor of 3228 and 2407550.
538
What is the highest common factor of 8140 and 288304?
148
Calculate the greatest common divisor of 4059819 and 5692.
1423
Calculate the greatest common divisor of 569625 and 247597.
1519
What is the greatest common factor of 94320486 and 52?
26
What is the greatest common divisor of 16874 and 123398?
22
Calculate the highest common factor of 442 and 13934232.
26
Calculate the highest common divisor of 1178496 and 4594572.
1116
Calculate the highest common factor of 13341467 and 188.